me?
False
Let g be 42*-6*(-1)/4. Let n be 1/4 + (-210)/8. Let p = n + g. Is p a composite number?
False
Let b be 0 - (-9 - (1 + 2)). Suppose -b = -2*g - g. Is (-112)/(-18) + g/(-18) composite?
True
Is -2674*((-20)/4)/10 prime?
False
Let i = -346 + 1983. Is i a composite number?
False
Suppose -4 = o - 2. Is (o + -72)/((-2)/1) a prime number?
True
Suppose -1 = -2*o + 2*m + 3, o + 2 = 5*m. Suppose 0*j = j - o. Is -254*(-1 - j/(-6)) prime?
True
Suppose 4*k + 595 - 135 = 3*u, 0 = 2*u - 3*k - 307. Let l = u + -90. Suppose -i - i = -l. Is i a composite number?
False
Suppose 0 = -2*k + 4 - 0. Let v be k - 2/1 - -144. Let u = -53 + v. Is u a prime number?
False
Let n(w) = -w**3 + 5*w**2 - 2*w - 6. Is n(-5) a prime number?
False
Let t(y) = -y**2 + 13*y - 12. Let x be t(12). Is 58 - (x - -2) - -3 prime?
True
Let f(g) be the first derivative of 2*g**4 + 5*g**3/3 - g**2 - 4*g + 4. Is f(3) prime?
True
Suppose 14 = 2*o + 6. Suppose s + o*w = 171, w + 615 + 156 = 5*s. Let r = 304 - s. Is r a composite number?
False
Let s = -13 - -9. Let g(i) = 2*i + 6. Let k be g(s). Is k/4 - (-476)/8 a prime number?
True
Let p(n) be the first derivative of -6*n**2 - 2*n - 2. Is p(-4) a prime number?
False
Let m(i) = -i - 5. Let a be m(-9). Suppose 56 = a*f - 2*v, -4*v = -2*f - 2*f + 56. Let j = f + 17. Is j composite?
False
Suppose -2*o - 2*v = -6, o + 3*o - 12 = v. Suppose 1180 = o*x + x. Is x a composite number?
True
Suppose 646 = 4*m - 2*m + 3*w, 4*w - 1629 = -5*m. Is m prime?
False
Suppose 2883 + 300 = 3*x. Is x a composite number?
False
Suppose 3*a + 4*h = 259, -2*a = -3*h + h - 168. Suppose -2*c = 5*l - 74, 4*c + 3*l - 63 = a. Is c a prime number?
True
Let n(q) be the third derivative of q**6/360 + q**5/120 - 7*q**4/24 - q**3/3 + q**2. Let l(d) be the first derivative of n(d). Is l(-7) prime?
False
Suppose -5*g - 5*q - 75 = 0, 4*q + 10 + 2 = 0. Is (-4945)/(-20) + 3/g a prime number?
False
Let x(y) = 4*y**2 + 5*y + 8. Is x(5) a composite number?
True
Let p be 3 - 2 - (-10)/1. Let i = p + -4. Is i composite?
False
Suppose 3*g + 3389 = 4*g. Is g composite?
False
Suppose -12 = -3*h, -m + 0*h + 153 = h. Is m prime?
True
Let h(n) = -n**2 - 8*n - 3. Is h(-4) a composite number?
False
Let g = 521 - 156. Is g prime?
False
Let i = 157 + 216. Is i a composite number?
False
Let v = -148 - -401. Is v prime?
False
Let p be (-8)/10*10/(-4). Suppose -4*r - p*t + 876 = r, r + t - 174 = 0. Let f = r - 97. Is f a composite number?
False
Let o(y) = y + 7. Let r = 4 - 10. Let m be o(r). Is m + (-3 + 72 - 3) prime?
True
Is (0 - -2) + (2 - -343) a composite number?
False
Suppose 3*s + 0*s - 15 = -3*u, -5*u = s + 3. Let l = s + -10. Let w = 50 - l. Is w composite?
False
Let m be 4 - -2*(-9)/6. Let g be (10/3)/(m/9). Suppose -3*o = -129 + g. Is o composite?
True
Suppose x = 4*x - 12. Suppose -x*a + 641 = -3*l, -2*a + l = -a - 160. Is a a prime number?
False
Let r = 16 + 25. Suppose 0 = 5*c - p - 6 - 9, -4*c + r = 5*p. Is c prime?
False
Let r(u) = u**2 - u + 7. Let q(h) = h**3 - 6*h**2 - 5*h - 9. Let v be q(7). Suppose v = -g - 0*g. Is r(g) a prime number?
True
Let u(s) = 2*s - 5. Let q = 4 - -4. Is u(q) a prime number?
True
Let r(h) = h**2 + 6*h + 2. Let j be r(-4). Let s be (j/(-4))/((-1)/(-2)). Suppose 2*v = -2*g + 56, 3*v - 108 = -s*g + 8*v. Is g a prime number?
True
Let d(w) = 2*w + 1. Let s be d(-2). Let m(y) = -y**3 - 2*y**2 + 4*y + 1. Let g be m(s). Let h(a) = -6*a - 2. Is h(g) composite?
True
Let t = 4 + -2. Is -14*((-2)/t - 0) composite?
True
Suppose 2*x = a - 7, -5*a = 3*x - 4*x + 1. Let o(q) = 13*q**2 + q + 1. Let i be o(a). Suppose r - 17 + 4 = -3*l, l = -r + i. Is r composite?
False
Suppose 3*j = -0*l - 2*l + 810, -5*l = 5*j - 2035. Is l a composite number?
True
Let q = 173 + -479. Let a = q - -539. Is a a prime number?
True
Let o(s) be the second derivative of s**5/20 + s**4/4 - 7*s**3/6 - 4*s**2 + s. Let l be o(-6). Let j = 127 + l. Is j composite?
False
Let y(g) = 88*g**2 + 1. Is y(-1) a prime number?
True
Let t = 0 + 3. Suppose 0 = 4*l + s, -3*s = -0*l + t*l. Let d = 11 - l. Is d a prime number?
True
Suppose -s + 4*k + 1901 = 0, -4*k = -3*s + 8922 - 3243. Is s composite?
False
Suppose 2*h - 6 - 12 = 0. Let i(m) = 32*m + 14*m - h + 16. Is i(7) prime?
False
Let p(o) = 8 + o + 15 + 16. Is p(0) a prime number?
False
Let c = 756 + -1369. Let m = c + 902. Is m composite?
True
Suppose 5*n - 2*n - 183 = f, -5*n + f = -303. Let w = n + 349. Is w a composite number?
False
Suppose -176 - 2 = -2*t. Is t a composite number?
False
Suppose 0 = -z - 2*g - 11, -5*z - 8 = 3*g + 26. Let l be (12/z - -2)*-5. Suppose l*o + 20 = 2*u - 0*o, 4*o = 0. Is u a composite number?
True
Let w(c) = 6*c**2 + 0*c**3 - 7*c - 5 + c**3 + 0*c**2. Is w(-5) prime?
False
Let j(q) = 9*q**2 + q + 3 - 4*q - 6. Is j(3) a prime number?
False
Is 948/18*9/6 prime?
True
Let n(r) = 60*r - 1. Let w be n(-1). Let s be (-208)/6*(-2 - -5). Let l = w - s. Is l a composite number?
False
Let q = -1 - -3. Suppose -q*i = 2*i - 8. Suppose i*d = 6*d - 332. Is d a prime number?
True
Let x(u) = 12*u - 4. Let y(c) = -c + 1. Let m be y(-3). Let j be x(m). Let i = j + 21. Is i a composite number?
True
Suppose 3*b - 4*q + 118 = -0*b, 4*b - 3*q + 169 = 0. Let j = b + 127. Suppose 524 = 5*y - j. Is y composite?
True
Suppose -n - 14 = -3*n + j, 16 = -4*j. Suppose 0 = -3*u + 5*l + 251, -u + 164 = u - n*l. Is u prime?
False
Suppose 4*s = 4*o - 5*o + 3416, 5*s = o + 4261. Is s composite?
False
Let c = -6 - -13. Is c a composite number?
False
Let u(k) = 4*k**2 + k + 4. Is u(3) composite?
False
Let r(y) = 11*y + 4. Let j = 1 + -3. Let g be (4 + 2)/(0 - j). Is r(g) a composite number?
False
Is 18473/145 + (-4)/10 a prime number?
True
Suppose -2*i = 3*v - 371, -2*v + 379 = 2*i - 7*v. Is i a composite number?
True
Let r = 373 + -530. Let j = r - -224. Is j a composite number?
False
Let z = 101 - -122. Is z composite?
False
Let h(b) = b**3 + 5*b**2 - 4*b + 5. Let j be h(-6). Let o(x) = x**3 + 9*x**2 + 5*x + 6. Is o(j) composite?
True
Suppose -4*v = -v - 12. Suppose v*f + 2*z = 90 + 42, -5*f + 165 = -5*z. Is f prime?
False
Let b = -303 + 610. Is b composite?
False
Suppose 98 = 4*x - 170. Let w = x + -46. Is w composite?
True
Let l(m) = -m**3 + m**2 - 2*m + 211. Is l(0) composite?
False
Let n = 21 + -25. Is n/(-18) - 13805/(-45) prime?
True
Let q(r) = -3 + 10*r - 4*r - 3*r - 2. Is q(4) prime?
True
Let i = -9 - -11. Let j = 3 + -1. Suppose -j = i*k - 54. Is k a prime number?
False
Let n(c) = 427*c**2 + c + 3. Is n(2) composite?
True
Let y be (48/9)/((-2)/(-3)). Is y - 6 - (-2 - 481) prime?
False
Let u be (92 - (3 + -2)) + -3. Suppose u = 6*k - 2*k. Is k composite?
True
Let b(w) = w**3 - 6*w**2 + 3*w - 5. Let r be 2 + 23/1 + -2. Suppose 11 = 2*f + x, -2*f = 2*f + x - r. Is b(f) prime?
True
Suppose -16 = -2*m - 4*y, -4*m - m + y = 4. Is m + -3 - (-151 - -3) prime?
False
Let t(w) = w**2 - 6*w - 11. Let r(l) = -2*l**2 + 11*l + 22. Let m(y) = -4*r(y) - 7*t(y). Is m(8) composite?
False
Let q(t) = 168*t - 1. Is q(2) composite?
True
Let r(x) = x**3 + 3*x**2 + 4*x - 3. Let m be r(-4). Let a = m + 70. Is a a composite number?
True
Let s = 45 - 7. Is (s/3)/((-6)/(-18)) composite?
True
Suppose -14*n = -11*n. Suppose n = 3*z - 124 - 581. Is z composite?
True
Suppose k - 199 = 4*n, -n = 2*k + 4*n - 450. Is k composite?
True
Let z = -22 + 0. Is z/(-2)*1*13 a prime number?
False
Let v(l) = 4*l**2 + 5*l - 4. Is v(-7) composite?
False
Suppose 0 = 5*w + 20, 1 + 38 = g - 5*w. Is g a prime number?
True
Suppose -4*k + 4*n + 1396 = -0*n, -1049 = -3*k + 4*n. Suppose k = h + 78. Is h a composite number?
False
Let m be 68*(1 - (1 - 1)). Suppose u - 3*j = 24, -3*j = 4*u - 13 - m. Is u a prime number?
False
Let u = -195 + 320. Let v = u - 36. Is v a prime number?
True
Suppose g - 26 = -4*i, 2*g - i - 4 = 3. Suppose 263 = 3*h - 4*s + g*s, 0 = 2*h - 2*s - 182. Is h prime?
True
Let u(a) = 14*a + 7. Let r(i) = -i. Let t(v) = -r(v) + u(v). Is t(8) a composite number?
False
Let r(f) = -3*f**3 - 7*f**2 + 8*f - 8. Let y(v) = -4*v**3 - 6*v**2 + 7*v - 7. Let j(m) = 6*r(m) - 7*y(m). Let o = 0 - -2. Is j(o) a composite number?
False
Let m(d) = -572*d**3 - 2*d**2 - 3*d - 2. Is m(-1) composite?
False
Suppose -5*f + 20 = -f, 31 = 2*z + 5*f. Suppose 5*d = 5*u + 530, -3*d - d = -z*u - 429. Is d a